 is divided by 421?
416
What is the remainder when 5270212 is divided by 273?
220
What is the remainder when 2517172 is divided by 1923?
1888
Calculate the remainder when 81661976 is divided by 149.
142
What is the remainder when 1034367 is divided by 516958?
451
Calculate the remainder when 21830600 is divided by 61.
42
What is the remainder when 38049536 is divided by 4227721?
47
Calculate the remainder when 2043637 is divided by 1815.
1762
Calculate the remainder when 86200 is divided by 269.
120
What is the remainder when 46636 is divided by 11481?
712
What is the remainder when 70913 is divided by 1390?
23
Calculate the remainder when 29882685 is divided by 64.
61
What is the remainder when 10612251 is divided by 17?
1
Calculate the remainder when 15302709 is divided by 101.
98
Calculate the remainder when 2270759 is divided by 90830.
9
What is the remainder when 732065150 is divided by 174?
170
What is the remainder when 3336242 is divided by 238303?
0
Calculate the remainder when 256753 is divided by 36677.
14
What is the remainder when 1670299 is divided by 238614?
1
What is the remainder when 7027329 is divided by 159712?
1
What is the remainder when 7336177 is divided by 386114?
11
Calculate the remainder when 98843 is divided by 95622.
3221
What is the remainder when 1162348 is divided by 837?
592
Calculate the remainder when 26519 is divided by 2649.
29
Calculate the remainder when 180358364 is divided by 647.
644
What is the remainder when 318560 is divided by 1248?
320
What is the remainder when 82534140 is divided by 583?
579
Calculate the remainder when 2802699 is divided by 15.
9
What is the remainder when 5610075 is divided by 248?
67
Calculate the remainder when 127086 is divided by 833.
470
What is the remainder when 1156912 is divided by 9797?
866
What is the remainder when 810657 is divided by 5?
2
What is the remainder when 20887509 is divided by 106?
103
What is the remainder when 9724149 is divided by 1080460?
9
Calculate the remainder when 125430 is divided by 1927.
175
Calculate the remainder when 17285843 is divided by 2675.
2668
What is the remainder when 73905586 is divided by 1133?
1129
Calculate the remainder when 1485485 is divided by 1557.
107
Calculate the remainder when 4354 is divided by 1111.
1021
What is the remainder when 11548547 is divided by 2887132?
19
Calculate the remainder when 26655487 is divided by 4442581.
1
What is the remainder when 19349272 is divided by 345?
292
What is the remainder when 5739250 is divided by 559?
556
Calculate the remainder when 5839535 is divided by 1060.
1055
Calculate the remainder when 301746 is divided by 4408.
2002
Calculate the remainder when 17320838 is divided by 10.
8
What is the remainder when 4497928 is divided by 2248954?
20
Calculate the remainder when 132517 is divided by 32544.
2341
Calculate the remainder when 18502015 is divided by 470.
465
What is the remainder when 52220651 is divided by 7566?
119
Calculate the remainder when 354225 is divided by 117994.
243
What is the remainder when 1410203 is divided by 1008?
11
Calculate the remainder when 1074734185 is divided by 226.
225
What is the remainder when 3182535 is divided by 701?
696
What is the remainder when 615050 is divided by 170?
160
What is the remainder when 59081 is divided by 3551?
2265
Calculate the remainder when 46621 is divided by 11645.
41
What is the remainder when 91000579 is divided by 457?
454
What is the remainder when 1450863 is divided by 362714?
7
Calculate the remainder when 115795 is divided by 9645.
55
What is the remainder when 1952773 is divided by 2475?
2473
Calculate the remainder when 4600282 is divided by 5.
2
What is the remainder when 44399207 is divided by 554?
539
What is the remainder when 5367247 is divided by 1233?
1231
What is the remainder when 327063418 is divided by 6784?
6778
What is the remainder when 52921 is divided by 3301?
105
Calculate the remainder when 11504886 is divided by 894.
0
What is the remainder when 2607420 is divided by 39?
36
Calculate the remainder when 91021947 is divided by 75.
72
Calculate the remainder when 411458 is divided by 403.
398
What is the remainder when 661533 is divided by 407?
158
What is the remainder when 53758 is divided by 53655?
103
What is the remainder when 104082 is divided by 204?
42
Calculate the remainder when 30476995 is divided by 634937.
19
What is the remainder when 1950158 is divided by 43324?
578
Calculate the remainder when 2979199 is divided by 190.
189
What is the remainder when 228969 is divided by 795?
9
What is the remainder when 3908396 is divided by 1953710?
976
What is the remainder when 33003 is divided by 8228?
91
Calculate the remainder when 949629111 is divided by 98.
95
Calculate the remainder when 275541883 is divided by 45.
43
Calculate the remainder when 43735 is divided by 3931.
494
What is the remainder when 1811460 is divided by 22?
2
Calculate the remainder when 4438916 is divided by 2423.
2403
Calculate the remainder when 1421944829 is divided by 781.
778
Calculate the remainder when 164540 is divided by 32881.
135
Calculate the remainder when 746799 is divided by 40.
39
Calculate the remainder when 187282 is divided by 150.
82
Calculate the remainder when 177141505 is divided by 358586.
21
Calculate the remainder when 47892000 is divided by 500.
0
What is the remainder when 591056 is divided by 4925?
56
Calculate the remainder when 30648628 is divided by 15324305.
18
What is the remainder when 13645326 is divided by 3235?
96
Calculate the remainder when 68370 is divided by 161.
106
Calculate the remainder when 785068 is divided by 157007.
33
Calculate the remainder when 1204598 is divided by 24.
14
What is the remainder when 448104 is divided by 8961?
54
What is the remainder when 242738 is divided by 5932?
5458
What is the remainder when 1340776 is divided by 446905?
61
What is the remainder when 2321687 is divided by 238?
235
Calculate the remainder when 46150803 is divided by 7691787.
81
Calculate the remainder when 176279 is divided by 3831.
53
Calculate the remainder when 238124067 is divided by 30.
27
What is the remainder when 1062753 is divided by 815?
808
What is the remainder when 48928 is divided by 2537?
725
What is the remainder when 95148 is divided by 936?
612
Calculate the remainder when 118283 is divided by 38461.
2900
Calculate the remainder when 78666 is divided by 1229.
10
Calculate the remainder when 496661 is divided by 165534.
59
Calculate the remainder when 15588426 is divided by 1655.
1636
What is the remainder when 40097318 is divided by 2219?
2207
Calculate the remainder when 80361937 is divided by 2163.
2161
Calculate the remainder when 83671 is divided by 26675.
3646
What is the remainder when 250237 is divided by 11?
9
Calculate the remainder when 366519 is divided by 3331.
109
What is the remainder when 14292172 is divided by 6074?
50
What is the remainder when 17719908 is divided by 193?
192
Calculate the remainder when 2257688 is divided by 863.
80
Calculate the remainder when 319954080 is divided by 106651357.
9
What is the remainder when 3495451 is divided by 1165149?
4
Calculate the remainder when 58136887 is divided by 41765.
7
Calculate the remainder when 162101793 is divided by 34.
27
What is the remainder when 1684991 is divided by 384?
383
What is the remainder when 170621 is divided by 1197?
647
Calculate the remainder when 5307325 is divided by 98.
37
Calculate the remainder when 461499 is divided by 114924.
1803
Calculate the remainder when 281827 is divided by 381.
268
What is the remainder when 1054029 is divided by 2108?
29
What is the remainder when 198708 is divided by 150?
108
Calculate the remainder when 20177981 is divided by 67.
60
Calculate the remainder when 209667 is divided by 1281.
864
What is the remainder when 49346 is divided by 16306?
428
What is the remainder when 3954661 is divided by 1977329?
3
Calculate the remainder when 37553 is divided by 68.
17
What is the remainder when 2553576 is divided by 33?
3
What is the remainder when 79205 is divided by 38747?
1711
What is the remainder when 2489098 is divided by 27656?
58
Calculate the remainder when 10047693 is divided by 160.
13
Calculate the remainder when 631804 is